{"version":"1.0","provider_name":"\u25b7 Noticias de Casanare : Martha Cifuentes | Casanare","provider_url":"https:\/\/marthacifuentes.com\/portada","author_name":"Martha Cifuentes","author_url":"https:\/\/marthacifuentes.com\/portada\/author\/martha\/","title":"Asesinado l\u00edder comunitario de Casanare y Arauca - \u25b7 Noticias de Casanare : Martha Cifuentes | Casanare","type":"rich","width":600,"height":338,"html":"<blockquote class=\"wp-embedded-content\" data-secret=\"YZqQj3VIhP\"><a href=\"https:\/\/marthacifuentes.com\/portada\/asesinado-lider-comunitario-de-casanare-y-arauca\/\">Asesinado l\u00edder comunitario de Casanare y Arauca<\/a><\/blockquote><iframe sandbox=\"allow-scripts\" security=\"restricted\" src=\"https:\/\/marthacifuentes.com\/portada\/asesinado-lider-comunitario-de-casanare-y-arauca\/embed\/#?secret=YZqQj3VIhP\" width=\"600\" height=\"338\" title=\"\u00abAsesinado l\u00edder comunitario de Casanare y Arauca\u00bb \u2014 \u25b7 Noticias de Casanare : Martha Cifuentes | Casanare\" data-secret=\"YZqQj3VIhP\" frameborder=\"0\" marginwidth=\"0\" marginheight=\"0\" scrolling=\"no\" class=\"wp-embedded-content\"><\/iframe><script type=\"text\/javascript\">\n\/* <![CDATA[ *\/\n\/*! This file is auto-generated *\/\n!function(d,l){\"use strict\";l.querySelector&&d.addEventListener&&\"undefined\"!=typeof URL&&(d.wp=d.wp||{},d.wp.receiveEmbedMessage||(d.wp.receiveEmbedMessage=function(e){var t=e.data;if((t||t.secret||t.message||t.value)&&!\/[^a-zA-Z0-9]\/.test(t.secret)){for(var s,r,n,a=l.querySelectorAll('iframe[data-secret=\"'+t.secret+'\"]'),o=l.querySelectorAll('blockquote[data-secret=\"'+t.secret+'\"]'),c=new RegExp(\"^https?:$\",\"i\"),i=0;i<o.length;i++)o[i].style.display=\"none\";for(i=0;i<a.length;i++)s=a[i],e.source===s.contentWindow&&(s.removeAttribute(\"style\"),\"height\"===t.message?(1e3<(r=parseInt(t.value,10))?r=1e3:~~r<200&&(r=200),s.height=r):\"link\"===t.message&&(r=new URL(s.getAttribute(\"src\")),n=new URL(t.value),c.test(n.protocol))&&n.host===r.host&&l.activeElement===s&&(d.top.location.href=t.value))}},d.addEventListener(\"message\",d.wp.receiveEmbedMessage,!1),l.addEventListener(\"DOMContentLoaded\",function(){for(var e,t,s=l.querySelectorAll(\"iframe.wp-embedded-content\"),r=0;r<s.length;r++)(t=(e=s[r]).getAttribute(\"data-secret\"))||(t=Math.random().toString(36).substring(2,12),e.src+=\"#?secret=\"+t,e.setAttribute(\"data-secret\",t)),e.contentWindow.postMessage({message:\"ready\",secret:t},\"*\")},!1)))}(window,document);\n\/* ]]> *\/\n<\/script>\n","thumbnail_url":"https:\/\/marthacifuentes.com\/portada\/wp-content\/uploads\/2019\/03\/asesinado-lider-comunitario-de-sacama.jpg","thumbnail_width":950,"thumbnail_height":475,"description":"Asesinado Alfonso Correa Sandoval, l\u00edder campesino, ambientalista y presidente de la Junta de Acci\u00f3n Comunal de la vereda La Cabuya en Tame, Arauca, en hechos ocurridos el mi\u00e9rcoles 13 de marzo en S\u00e1cama, Casanare. De acuerdo con la Asociaci\u00f3n Campesina de Arauca, el asesinato se produjo en la vereda La Casirva, municipio de S\u00e1cama, en &hellip;"}

Asesinado líder comunitario de Casanare y Arauca - ▷ Noticias de Casanare : Martha Cifuentes | Casanare

<blockquote class="wp-embedded-content" data-secret="YZqQj3VIhP"><a href="https://marthacifuentes.com/portada/asesinado-lider-comunitario-de-casanare-y-arauca/">Asesinado líder comunitario de Casanare y Arauca</a></blockquote><iframe sandbox="allow-scripts" security="restricted" src="https://marthacifuentes.com/portada/asesinado-lider-comunitario-de-casanare-y-arauca/embed/#?secret=YZqQj3VIhP" width="600" height="338" title="«Asesinado líder comunitario de Casanare y Arauca» — ▷ Noticias de Casanare : Martha Cifuentes | Casanare" data-secret="YZqQj3VIhP" frameborder="0" marginwidth="0" marginheight="0" scrolling="no" class="wp-embedded-content"></iframe><script type="text/javascript">
/* <![CDATA[ */
/*! This file is auto-generated */
!function(d,l){"use strict";l.querySelector&&d.addEventListener&&"undefined"!=typeof URL&&(d.wp=d.wp||{},d.wp.receiveEmbedMessage||(d.wp.receiveEmbedMessage=function(e){var t=e.data;if((t||t.secret||t.message||t.value)&&!/[^a-zA-Z0-9]/.test(t.secret)){for(var s,r,n,a=l.querySelectorAll('iframe[data-secret="'+t.secret+'"]'),o=l.querySelectorAll('blockquote[data-secret="'+t.secret+'"]'),c=new RegExp("^https?:$","i"),i=0;i<o.length;i++)o[i].style.display="none";for(i=0;i<a.length;i++)s=a[i],e.source===s.contentWindow&&(s.removeAttribute("style"),"height"===t.message?(1e3<(r=parseInt(t.value,10))?r=1e3:~~r<200&&(r=200),s.height=r):"link"===t.message&&(r=new URL(s.getAttribute("src")),n=new URL(t.value),c.test(n.protocol))&&n.host===r.host&&l.activeElement===s&&(d.top.location.href=t.value))}},d.addEventListener("message",d.wp.receiveEmbedMessage,!1),l.addEventListener("DOMContentLoaded",function(){for(var e,t,s=l.querySelectorAll("iframe.wp-embedded-content"),r=0;r<s.length;r++)(t=(e=s[r]).getAttribute("data-secret"))||(t=Math.random().toString(36).substring(2,12),e.src+="#?secret="+t,e.setAttribute("data-secret",t)),e.contentWindow.postMessage({message:"ready",secret:t},"*")},!1)))}(window,document);
/* ]]> */
</script>

Asesinado Alfonso Correa Sandoval, líder campesino, ambientalista y presidente de la Junta de Acción Comunal de la vereda La Cabuya en Tame, Arauca, en hechos ocurridos el miércoles 13 de marzo en Sácama, Casanare. De acuerdo con la Asociación Campesina de Arauca, el asesinato se produjo en la vereda La Casirva, municipio de Sácama, en &hellip;
