{"version":"1.0","provider_name":"\u25b7 Noticias de Casanare : Martha Cifuentes | Casanare","provider_url":"https:\/\/marthacifuentes.com\/portada","author_name":"Martha Cifuentes","author_url":"https:\/\/marthacifuentes.com\/portada\/author\/martha\/","title":"Iniciaron los Di\u00e1logos Regionales Vinculantes en Yopal - \u25b7 Noticias de Casanare : Martha Cifuentes | Casanare","type":"rich","width":600,"height":338,"html":"<blockquote class=\"wp-embedded-content\" data-secret=\"W6tJTtwjZu\"><a href=\"https:\/\/marthacifuentes.com\/portada\/iniciaron-los-dialogos-regionales-vinculantes-en-yopal\/\">Iniciaron los Di\u00e1logos Regionales Vinculantes en Yopal<\/a><\/blockquote><iframe sandbox=\"allow-scripts\" security=\"restricted\" src=\"https:\/\/marthacifuentes.com\/portada\/iniciaron-los-dialogos-regionales-vinculantes-en-yopal\/embed\/#?secret=W6tJTtwjZu\" width=\"600\" height=\"338\" title=\"\u00abIniciaron los Di\u00e1logos Regionales Vinculantes en Yopal\u00bb \u2014 \u25b7 Noticias de Casanare : Martha Cifuentes | Casanare\" data-secret=\"W6tJTtwjZu\" frameborder=\"0\" marginwidth=\"0\" marginheight=\"0\" scrolling=\"no\" class=\"wp-embedded-content\"><\/iframe><script type=\"text\/javascript\">\n\/* <![CDATA[ *\/\n\/*! This file is auto-generated *\/\n!function(d,l){\"use strict\";l.querySelector&&d.addEventListener&&\"undefined\"!=typeof URL&&(d.wp=d.wp||{},d.wp.receiveEmbedMessage||(d.wp.receiveEmbedMessage=function(e){var t=e.data;if((t||t.secret||t.message||t.value)&&!\/[^a-zA-Z0-9]\/.test(t.secret)){for(var s,r,n,a=l.querySelectorAll('iframe[data-secret=\"'+t.secret+'\"]'),o=l.querySelectorAll('blockquote[data-secret=\"'+t.secret+'\"]'),c=new RegExp(\"^https?:$\",\"i\"),i=0;i<o.length;i++)o[i].style.display=\"none\";for(i=0;i<a.length;i++)s=a[i],e.source===s.contentWindow&&(s.removeAttribute(\"style\"),\"height\"===t.message?(1e3<(r=parseInt(t.value,10))?r=1e3:~~r<200&&(r=200),s.height=r):\"link\"===t.message&&(r=new URL(s.getAttribute(\"src\")),n=new URL(t.value),c.test(n.protocol))&&n.host===r.host&&l.activeElement===s&&(d.top.location.href=t.value))}},d.addEventListener(\"message\",d.wp.receiveEmbedMessage,!1),l.addEventListener(\"DOMContentLoaded\",function(){for(var e,t,s=l.querySelectorAll(\"iframe.wp-embedded-content\"),r=0;r<s.length;r++)(t=(e=s[r]).getAttribute(\"data-secret\"))||(t=Math.random().toString(36).substring(2,12),e.src+=\"#?secret=\"+t,e.setAttribute(\"data-secret\",t)),e.contentWindow.postMessage({message:\"ready\",secret:t},\"*\")},!1)))}(window,document);\n\/* ]]> *\/\n<\/script>\n","thumbnail_url":"https:\/\/marthacifuentes.com\/portada\/wp-content\/uploads\/2022\/11\/DIALOGOS-REGIONALES-VINCULANTES-YOPAL.jpg","thumbnail_width":1080,"thumbnail_height":1080,"description":"Todos pueden participar en los Di\u00e1logos Regionales Vinculantes. Desde las 8:00 de la ma\u00f1ana los casanare\u00f1os estaban listos para participar en la sesi\u00f3n de Di\u00e1logos Vinculantes organizada por el Departamento Nacional de Planeaci\u00f3n, con el apoyo de la Gobernaci\u00f3n de Casanare. Este espacio donde los diferentes sectores, comunidades, organizaciones, entidades, JAC y comunidad en general &hellip;"}

Iniciaron los Diálogos Regionales Vinculantes en Yopal - ▷ Noticias de Casanare : Martha Cifuentes | Casanare

<blockquote class="wp-embedded-content" data-secret="W6tJTtwjZu"><a href="https://marthacifuentes.com/portada/iniciaron-los-dialogos-regionales-vinculantes-en-yopal/">Iniciaron los Diálogos Regionales Vinculantes en Yopal</a></blockquote><iframe sandbox="allow-scripts" security="restricted" src="https://marthacifuentes.com/portada/iniciaron-los-dialogos-regionales-vinculantes-en-yopal/embed/#?secret=W6tJTtwjZu" width="600" height="338" title="«Iniciaron los Diálogos Regionales Vinculantes en Yopal» — ▷ Noticias de Casanare : Martha Cifuentes | Casanare" data-secret="W6tJTtwjZu" frameborder="0" marginwidth="0" marginheight="0" scrolling="no" class="wp-embedded-content"></iframe><script type="text/javascript">
/* <![CDATA[ */
/*! This file is auto-generated */
!function(d,l){"use strict";l.querySelector&&d.addEventListener&&"undefined"!=typeof URL&&(d.wp=d.wp||{},d.wp.receiveEmbedMessage||(d.wp.receiveEmbedMessage=function(e){var t=e.data;if((t||t.secret||t.message||t.value)&&!/[^a-zA-Z0-9]/.test(t.secret)){for(var s,r,n,a=l.querySelectorAll('iframe[data-secret="'+t.secret+'"]'),o=l.querySelectorAll('blockquote[data-secret="'+t.secret+'"]'),c=new RegExp("^https?:$","i"),i=0;i<o.length;i++)o[i].style.display="none";for(i=0;i<a.length;i++)s=a[i],e.source===s.contentWindow&&(s.removeAttribute("style"),"height"===t.message?(1e3<(r=parseInt(t.value,10))?r=1e3:~~r<200&&(r=200),s.height=r):"link"===t.message&&(r=new URL(s.getAttribute("src")),n=new URL(t.value),c.test(n.protocol))&&n.host===r.host&&l.activeElement===s&&(d.top.location.href=t.value))}},d.addEventListener("message",d.wp.receiveEmbedMessage,!1),l.addEventListener("DOMContentLoaded",function(){for(var e,t,s=l.querySelectorAll("iframe.wp-embedded-content"),r=0;r<s.length;r++)(t=(e=s[r]).getAttribute("data-secret"))||(t=Math.random().toString(36).substring(2,12),e.src+="#?secret="+t,e.setAttribute("data-secret",t)),e.contentWindow.postMessage({message:"ready",secret:t},"*")},!1)))}(window,document);
/* ]]> */
</script>

Todos pueden participar en los Diálogos Regionales Vinculantes. Desde las 8:00 de la mañana los casanareños estaban listos para participar en la sesión de Diálogos Vinculantes organizada por el Departamento Nacional de Planeación, con el apoyo de la Gobernación de Casanare. Este espacio donde los diferentes sectores, comunidades, organizaciones, entidades, JAC y comunidad en general &hellip;
