{"version":"1.0","provider_name":"\u25b7 Noticias de Casanare : Martha Cifuentes | Casanare","provider_url":"https:\/\/marthacifuentes.com\/portada","author_name":"Martha Cifuentes","author_url":"https:\/\/marthacifuentes.com\/portada\/author\/martha\/","title":"Se reabre Ca\u00f1o Cristales en La Macarena - \u25b7 Noticias de Casanare : Martha Cifuentes | Casanare","type":"rich","width":600,"height":338,"html":"<blockquote class=\"wp-embedded-content\" data-secret=\"vvCD6Gbh4j\"><a href=\"https:\/\/marthacifuentes.com\/portada\/se-reabre-cano-cristales-en-la-macarena\/\">Se reabre Ca\u00f1o Cristales en La Macarena<\/a><\/blockquote><iframe sandbox=\"allow-scripts\" security=\"restricted\" src=\"https:\/\/marthacifuentes.com\/portada\/se-reabre-cano-cristales-en-la-macarena\/embed\/#?secret=vvCD6Gbh4j\" width=\"600\" height=\"338\" title=\"\u00abSe reabre Ca\u00f1o Cristales en La Macarena\u00bb \u2014 \u25b7 Noticias de Casanare : Martha Cifuentes | Casanare\" data-secret=\"vvCD6Gbh4j\" frameborder=\"0\" marginwidth=\"0\" marginheight=\"0\" scrolling=\"no\" class=\"wp-embedded-content\"><\/iframe><script type=\"text\/javascript\">\n\/* <![CDATA[ *\/\n\/*! This file is auto-generated *\/\n!function(d,l){\"use strict\";l.querySelector&&d.addEventListener&&\"undefined\"!=typeof URL&&(d.wp=d.wp||{},d.wp.receiveEmbedMessage||(d.wp.receiveEmbedMessage=function(e){var t=e.data;if((t||t.secret||t.message||t.value)&&!\/[^a-zA-Z0-9]\/.test(t.secret)){for(var s,r,n,a=l.querySelectorAll('iframe[data-secret=\"'+t.secret+'\"]'),o=l.querySelectorAll('blockquote[data-secret=\"'+t.secret+'\"]'),c=new RegExp(\"^https?:$\",\"i\"),i=0;i<o.length;i++)o[i].style.display=\"none\";for(i=0;i<a.length;i++)s=a[i],e.source===s.contentWindow&&(s.removeAttribute(\"style\"),\"height\"===t.message?(1e3<(r=parseInt(t.value,10))?r=1e3:~~r<200&&(r=200),s.height=r):\"link\"===t.message&&(r=new URL(s.getAttribute(\"src\")),n=new URL(t.value),c.test(n.protocol))&&n.host===r.host&&l.activeElement===s&&(d.top.location.href=t.value))}},d.addEventListener(\"message\",d.wp.receiveEmbedMessage,!1),l.addEventListener(\"DOMContentLoaded\",function(){for(var e,t,s=l.querySelectorAll(\"iframe.wp-embedded-content\"),r=0;r<s.length;r++)(t=(e=s[r]).getAttribute(\"data-secret\"))||(t=Math.random().toString(36).substring(2,12),e.src+=\"#?secret=\"+t,e.setAttribute(\"data-secret\",t)),e.contentWindow.postMessage({message:\"ready\",secret:t},\"*\")},!1)))}(window,document);\n\/* ]]> *\/\n<\/script>\n","thumbnail_url":"https:\/\/marthacifuentes.com\/portada\/wp-content\/uploads\/2018\/06\/CA\u00d1O-CRISTALES-1.jpg","thumbnail_width":720,"thumbnail_height":540,"description":"El pr\u00f3ximo lunes 18 de junio Cormacarena abre las puertas de una de las m\u00e1s grandes maravillas de la naturaleza, Ca\u00f1o Cristales, localizado en la Zona de Recuperaci\u00f3n para la Preservaci\u00f3n del Distrito de Manejo Integrado Macarena Sur \u2013 AMEM, en La Macarena, Meta. Las actividades ecotur\u00edsticas estar\u00e1n permitidas por la Autoridad Ambiental en el &hellip;"}

Se reabre Caño Cristales en La Macarena - ▷ Noticias de Casanare : Martha Cifuentes | Casanare

<blockquote class="wp-embedded-content" data-secret="vvCD6Gbh4j"><a href="https://marthacifuentes.com/portada/se-reabre-cano-cristales-en-la-macarena/">Se reabre Caño Cristales en La Macarena</a></blockquote><iframe sandbox="allow-scripts" security="restricted" src="https://marthacifuentes.com/portada/se-reabre-cano-cristales-en-la-macarena/embed/#?secret=vvCD6Gbh4j" width="600" height="338" title="«Se reabre Caño Cristales en La Macarena» — ▷ Noticias de Casanare : Martha Cifuentes | Casanare" data-secret="vvCD6Gbh4j" frameborder="0" marginwidth="0" marginheight="0" scrolling="no" class="wp-embedded-content"></iframe><script type="text/javascript">
/* <![CDATA[ */
/*! This file is auto-generated */
!function(d,l){"use strict";l.querySelector&&d.addEventListener&&"undefined"!=typeof URL&&(d.wp=d.wp||{},d.wp.receiveEmbedMessage||(d.wp.receiveEmbedMessage=function(e){var t=e.data;if((t||t.secret||t.message||t.value)&&!/[^a-zA-Z0-9]/.test(t.secret)){for(var s,r,n,a=l.querySelectorAll('iframe[data-secret="'+t.secret+'"]'),o=l.querySelectorAll('blockquote[data-secret="'+t.secret+'"]'),c=new RegExp("^https?:$","i"),i=0;i<o.length;i++)o[i].style.display="none";for(i=0;i<a.length;i++)s=a[i],e.source===s.contentWindow&&(s.removeAttribute("style"),"height"===t.message?(1e3<(r=parseInt(t.value,10))?r=1e3:~~r<200&&(r=200),s.height=r):"link"===t.message&&(r=new URL(s.getAttribute("src")),n=new URL(t.value),c.test(n.protocol))&&n.host===r.host&&l.activeElement===s&&(d.top.location.href=t.value))}},d.addEventListener("message",d.wp.receiveEmbedMessage,!1),l.addEventListener("DOMContentLoaded",function(){for(var e,t,s=l.querySelectorAll("iframe.wp-embedded-content"),r=0;r<s.length;r++)(t=(e=s[r]).getAttribute("data-secret"))||(t=Math.random().toString(36).substring(2,12),e.src+="#?secret="+t,e.setAttribute("data-secret",t)),e.contentWindow.postMessage({message:"ready",secret:t},"*")},!1)))}(window,document);
/* ]]> */
</script>

https://marthacifuentes.com/portada/wp-content/uploads/2018/06/CAÑO-CRISTALES-1.jpg

El próximo lunes 18 de junio Cormacarena abre las puertas de una de las más grandes maravillas de la naturaleza, Caño Cristales, localizado en la Zona de Recuperación para la Preservación del Distrito de Manejo Integrado Macarena Sur – AMEM, en La Macarena, Meta. Las actividades ecoturísticas estarán permitidas por la Autoridad Ambiental en el &hellip;
